{"id":237,"date":"2021-06-11T17:01:10","date_gmt":"2021-06-11T20:01:10","guid":{"rendered":"http:\/\/localhost\/faturar\/?page_id=6"},"modified":"2025-12-03T14:14:33","modified_gmt":"2025-12-03T17:14:33","slug":"amkt","status":"publish","type":"page","link":"https:\/\/querofaturar.com.br\/7-dias-gratis\/amkt\/","title":{"rendered":"Home Marketing A+"},"content":{"rendered":"\n<h1 class=\"wp-block-heading\" id=\"emissor-de-nota-fiscal-eletronica-por-apenas-r-29-90-por-mes\"><strong>Emitir Nota Fiscal Eletr\u00f4nica <br><\/strong>NF-e, NFS-e, NFC-e e NFP-e<\/h1>\n\n\n\n<h2 class=\"wp-block-heading\" id=\"emissor-de-nota-fiscal-eletronica-por-apenas-r-32-90-por-mes\">Apenas R$ 39,90 <small>no plano mensal<\/small><\/h2>\n\n\n<h2>Te ajudamos a emitir sua nota mesmo no per\u00edodo de testes. Nosso suporte \u00e9 o melhor!<\/h2>\n\n\n<p><\/p>\n","protected":false},"excerpt":{"rendered":"<p>Emitir Nota Fiscal Eletr\u00f4nica NF-e, NFS-e, NFC-e e NFP-e Apenas R$ 39,90 no plano mensal Te ajudamos a emitir sua nota mesmo no per\u00edodo de testes. Nosso suporte \u00e9 o melhor!<\/p>\n","protected":false},"author":1,"featured_media":0,"parent":0,"menu_order":0,"comment_status":"closed","ping_status":"closed","template":"landing-page.php","meta":{"_acf_changed":false,"inline_featured_image":false,"footnotes":""},"class_list":["post-237","page","type-page","status-publish","hentry"],"acf":[],"yoast_head":"<!-- This site is optimized with the Yoast SEO plugin v23.4 - https:\/\/yoast.com\/wordpress\/plugins\/seo\/ -->\n<title>Emitir Nota Fiscal Eletr\u00f4nica NF-e, NFS-e, NFC-e e NFP-e<\/title>\n<meta name=\"description\" content=\"Descubra a forma mais f\u00e1cil e r\u00e1pida de emitir nota fiscal. Aproveite 7 dias gr\u00e1tis! Ideal para pequenas e m\u00e9dias empresas\" \/>\n<meta name=\"robots\" content=\"index, follow, max-snippet:-1, max-image-preview:large, max-video-preview:-1\" \/>\n<link rel=\"canonical\" href=\"https:\/\/querofaturar.com.br\/7-dias-gratis\/amkt\/\" \/>\n<meta property=\"og:locale\" content=\"pt_BR\" \/>\n<meta property=\"og:type\" content=\"article\" \/>\n<meta property=\"og:title\" content=\"Emitir Nota Fiscal Eletr\u00f4nica NF-e, NFS-e, NFC-e e NFP-e\" \/>\n<meta property=\"og:description\" content=\"Descubra a forma mais f\u00e1cil e r\u00e1pida de emitir nota fiscal. Aproveite 7 dias gr\u00e1tis! Ideal para pequenas e m\u00e9dias empresas\" \/>\n<meta property=\"og:url\" content=\"https:\/\/querofaturar.com.br\/7-dias-gratis\/amkt\/\" \/>\n<meta property=\"og:site_name\" content=\"Quero Faturar - Emiss\u00e3o de NFe (nota fiscal eletr\u00f4nica)\" \/>\n<meta property=\"article:modified_time\" content=\"2025-12-03T17:14:33+00:00\" \/>\n<meta name=\"twitter:card\" content=\"summary_large_image\" \/>\n<meta name=\"twitter:label1\" content=\"Est. tempo de leitura\" \/>\n\t<meta name=\"twitter:data1\" content=\"1 minuto\" \/>\n<script type=\"application\/ld+json\" class=\"yoast-schema-graph\">{\"@context\":\"https:\/\/schema.org\",\"@graph\":[{\"@type\":\"WebPage\",\"@id\":\"https:\/\/querofaturar.com.br\/7-dias-gratis\/amkt\/\",\"url\":\"https:\/\/querofaturar.com.br\/7-dias-gratis\/amkt\/\",\"name\":\"Emitir Nota Fiscal Eletr\u00f4nica NF-e, NFS-e, NFC-e e NFP-e\",\"isPartOf\":{\"@id\":\"https:\/\/querofaturar.com.br\/7-dias-gratis\/#website\"},\"datePublished\":\"2021-06-11T20:01:10+00:00\",\"dateModified\":\"2025-12-03T17:14:33+00:00\",\"description\":\"Descubra a forma mais f\u00e1cil e r\u00e1pida de emitir nota fiscal. Aproveite 7 dias gr\u00e1tis! Ideal para pequenas e m\u00e9dias empresas\",\"breadcrumb\":{\"@id\":\"https:\/\/querofaturar.com.br\/7-dias-gratis\/amkt\/#breadcrumb\"},\"inLanguage\":\"pt-BR\",\"potentialAction\":[{\"@type\":\"ReadAction\",\"target\":[\"https:\/\/querofaturar.com.br\/7-dias-gratis\/amkt\/\"]}]},{\"@type\":\"BreadcrumbList\",\"@id\":\"https:\/\/querofaturar.com.br\/7-dias-gratis\/amkt\/#breadcrumb\",\"itemListElement\":[{\"@type\":\"ListItem\",\"position\":1,\"name\":\"In\u00edcio\",\"item\":\"https:\/\/querofaturar.com.br\/7-dias-gratis\/\"},{\"@type\":\"ListItem\",\"position\":2,\"name\":\"Home Marketing A+\"}]},{\"@type\":\"WebSite\",\"@id\":\"https:\/\/querofaturar.com.br\/7-dias-gratis\/#website\",\"url\":\"https:\/\/querofaturar.com.br\/7-dias-gratis\/\",\"name\":\"Quero Faturar - Emiss\u00e3o de NFe (nota fiscal eletr\u00f4nica)\",\"description\":\"\",\"publisher\":{\"@id\":\"https:\/\/querofaturar.com.br\/7-dias-gratis\/#organization\"},\"potentialAction\":[{\"@type\":\"SearchAction\",\"target\":{\"@type\":\"EntryPoint\",\"urlTemplate\":\"https:\/\/querofaturar.com.br\/7-dias-gratis\/?s={search_term_string}\"},\"query-input\":{\"@type\":\"PropertyValueSpecification\",\"valueRequired\":true,\"valueName\":\"search_term_string\"}}],\"inLanguage\":\"pt-BR\"},{\"@type\":\"Organization\",\"@id\":\"https:\/\/querofaturar.com.br\/7-dias-gratis\/#organization\",\"name\":\"Quero Faturar - Emiss\u00e3o de NFe (nota fiscal eletr\u00f4nica)\",\"url\":\"https:\/\/querofaturar.com.br\/7-dias-gratis\/\",\"logo\":{\"@type\":\"ImageObject\",\"inLanguage\":\"pt-BR\",\"@id\":\"https:\/\/querofaturar.com.br\/7-dias-gratis\/#\/schema\/logo\/image\/\",\"url\":\"https:\/\/querofaturar.com.br\/7-dias-gratis\/wp-content\/uploads\/2023\/01\/quero-faturar-logo.png\",\"contentUrl\":\"https:\/\/querofaturar.com.br\/7-dias-gratis\/wp-content\/uploads\/2023\/01\/quero-faturar-logo.png\",\"width\":262,\"height\":72,\"caption\":\"Quero Faturar - Emiss\u00e3o de NFe (nota fiscal eletr\u00f4nica)\"},\"image\":{\"@id\":\"https:\/\/querofaturar.com.br\/7-dias-gratis\/#\/schema\/logo\/image\/\"}}]}<\/script>\n<!-- \/ Yoast SEO plugin. -->","yoast_head_json":{"title":"Emitir Nota Fiscal Eletr\u00f4nica NF-e, NFS-e, NFC-e e NFP-e","description":"Descubra a forma mais f\u00e1cil e r\u00e1pida de emitir nota fiscal. Aproveite 7 dias gr\u00e1tis! Ideal para pequenas e m\u00e9dias empresas","robots":{"index":"index","follow":"follow","max-snippet":"max-snippet:-1","max-image-preview":"max-image-preview:large","max-video-preview":"max-video-preview:-1"},"canonical":"https:\/\/querofaturar.com.br\/7-dias-gratis\/amkt\/","og_locale":"pt_BR","og_type":"article","og_title":"Emitir Nota Fiscal Eletr\u00f4nica NF-e, NFS-e, NFC-e e NFP-e","og_description":"Descubra a forma mais f\u00e1cil e r\u00e1pida de emitir nota fiscal. Aproveite 7 dias gr\u00e1tis! Ideal para pequenas e m\u00e9dias empresas","og_url":"https:\/\/querofaturar.com.br\/7-dias-gratis\/amkt\/","og_site_name":"Quero Faturar - Emiss\u00e3o de NFe (nota fiscal eletr\u00f4nica)","article_modified_time":"2025-12-03T17:14:33+00:00","twitter_card":"summary_large_image","twitter_misc":{"Est. tempo de leitura":"1 minuto"},"schema":{"@context":"https:\/\/schema.org","@graph":[{"@type":"WebPage","@id":"https:\/\/querofaturar.com.br\/7-dias-gratis\/amkt\/","url":"https:\/\/querofaturar.com.br\/7-dias-gratis\/amkt\/","name":"Emitir Nota Fiscal Eletr\u00f4nica NF-e, NFS-e, NFC-e e NFP-e","isPartOf":{"@id":"https:\/\/querofaturar.com.br\/7-dias-gratis\/#website"},"datePublished":"2021-06-11T20:01:10+00:00","dateModified":"2025-12-03T17:14:33+00:00","description":"Descubra a forma mais f\u00e1cil e r\u00e1pida de emitir nota fiscal. Aproveite 7 dias gr\u00e1tis! Ideal para pequenas e m\u00e9dias empresas","breadcrumb":{"@id":"https:\/\/querofaturar.com.br\/7-dias-gratis\/amkt\/#breadcrumb"},"inLanguage":"pt-BR","potentialAction":[{"@type":"ReadAction","target":["https:\/\/querofaturar.com.br\/7-dias-gratis\/amkt\/"]}]},{"@type":"BreadcrumbList","@id":"https:\/\/querofaturar.com.br\/7-dias-gratis\/amkt\/#breadcrumb","itemListElement":[{"@type":"ListItem","position":1,"name":"In\u00edcio","item":"https:\/\/querofaturar.com.br\/7-dias-gratis\/"},{"@type":"ListItem","position":2,"name":"Home Marketing A+"}]},{"@type":"WebSite","@id":"https:\/\/querofaturar.com.br\/7-dias-gratis\/#website","url":"https:\/\/querofaturar.com.br\/7-dias-gratis\/","name":"Quero Faturar - Emiss\u00e3o de NFe (nota fiscal eletr\u00f4nica)","description":"","publisher":{"@id":"https:\/\/querofaturar.com.br\/7-dias-gratis\/#organization"},"potentialAction":[{"@type":"SearchAction","target":{"@type":"EntryPoint","urlTemplate":"https:\/\/querofaturar.com.br\/7-dias-gratis\/?s={search_term_string}"},"query-input":{"@type":"PropertyValueSpecification","valueRequired":true,"valueName":"search_term_string"}}],"inLanguage":"pt-BR"},{"@type":"Organization","@id":"https:\/\/querofaturar.com.br\/7-dias-gratis\/#organization","name":"Quero Faturar - Emiss\u00e3o de NFe (nota fiscal eletr\u00f4nica)","url":"https:\/\/querofaturar.com.br\/7-dias-gratis\/","logo":{"@type":"ImageObject","inLanguage":"pt-BR","@id":"https:\/\/querofaturar.com.br\/7-dias-gratis\/#\/schema\/logo\/image\/","url":"https:\/\/querofaturar.com.br\/7-dias-gratis\/wp-content\/uploads\/2023\/01\/quero-faturar-logo.png","contentUrl":"https:\/\/querofaturar.com.br\/7-dias-gratis\/wp-content\/uploads\/2023\/01\/quero-faturar-logo.png","width":262,"height":72,"caption":"Quero Faturar - Emiss\u00e3o de NFe (nota fiscal eletr\u00f4nica)"},"image":{"@id":"https:\/\/querofaturar.com.br\/7-dias-gratis\/#\/schema\/logo\/image\/"}}]}},"_links":{"self":[{"href":"https:\/\/querofaturar.com.br\/7-dias-gratis\/wp-json\/wp\/v2\/pages\/237","targetHints":{"allow":["GET"]}}],"collection":[{"href":"https:\/\/querofaturar.com.br\/7-dias-gratis\/wp-json\/wp\/v2\/pages"}],"about":[{"href":"https:\/\/querofaturar.com.br\/7-dias-gratis\/wp-json\/wp\/v2\/types\/page"}],"author":[{"embeddable":true,"href":"https:\/\/querofaturar.com.br\/7-dias-gratis\/wp-json\/wp\/v2\/users\/1"}],"replies":[{"embeddable":true,"href":"https:\/\/querofaturar.com.br\/7-dias-gratis\/wp-json\/wp\/v2\/comments?post=237"}],"version-history":[{"count":4,"href":"https:\/\/querofaturar.com.br\/7-dias-gratis\/wp-json\/wp\/v2\/pages\/237\/revisions"}],"predecessor-version":[{"id":267,"href":"https:\/\/querofaturar.com.br\/7-dias-gratis\/wp-json\/wp\/v2\/pages\/237\/revisions\/267"}],"wp:attachment":[{"href":"https:\/\/querofaturar.com.br\/7-dias-gratis\/wp-json\/wp\/v2\/media?parent=237"}],"curies":[{"name":"wp","href":"https:\/\/api.w.org\/{rel}","templated":true}]}}